, 4*g - 16 = -2*i. Suppose 18*h - 1120 + 292 = i. Let s be (-2)/((-142)/138 - -1). What is the highest common divisor of s and h?
23
Suppose 8 = 4*a + 4*j, 2*a - a = -4*j - 13. Suppose -a = -14*l + 7*l. Calculate the highest common factor of 9 and l.
1
Let t be (-15)/(-10) - (-60)/(-8). Let d be (-478)/(-8) + 6*t/(-144). What is the greatest common divisor of 15 and d?
15
Let g be (((-608)/(-5320))/(2/(-120)))/(2/(-28)). What is the greatest common factor of 32 and g?
32
Suppose -131*b = -129*b - 4. Suppose 0*y + b*y + 3*t - 496 = 0, -t = -3*y + 733. What is the highest common factor of y and 35?
35
Let g be 51/(3 + 14)*(22 - 7). Let b = 8 + -3. What is the greatest common factor of g and b?
5
Suppose -3*v + 262 = 4*d, 5*v + 0*d - 454 = 2*d. Let u(a) = 2899*a + 8769. Let b be u(-3). What is the greatest common divisor of b and v?
18
Suppose 0 = -2*g - 4*h + 2318, -58*g - 3*h = -60*g + 2311. Calculate the greatest common divisor of g and 356.
89
Let q be 13/(585/153) - (-2)/(-5). Suppose -2*h - 2*r = -7*r - 46, -4*h + 66 = q*r. Calculate the greatest common factor of 18 and h.
18
Suppose 0 = -10*l + 6442 + 13588. Suppose 0 = 3*q + t - 2399, -4*t - l + 413 = -2*q. Calculate the greatest common divisor of q and 17.
17
Suppose 456 = 4*g - 4*c, -5*g + 2*c = -0*c - 582. Suppose -g = 12*j + 14. Let m(i) = -4*i - 33. Let x be m(j). Calculate the highest common divisor of x and 11.
11
Suppose 1680 = 7*h - 2*h. Let g = 181600 + -181572. Calculate the greatest common factor of h and g.
28
Let r(t) be the third derivative of 43*t**4/24 + 176*t**3/3 - 2*t**2 - 11. Let f be r(-8). What is the greatest common divisor of f and 368?
8
Let a(s) = -s**2 + 15*s - 61. Let g be a(10). Let f be 6/(2/g + (-123)/(-495)). What is the greatest common factor of f and 135?
45
Suppose 3*s = 5*l + 353, 2*s - 271 = -4*l + 1. Let h(y) = 2*y**3 + 39*y**2 - 48*y - 532. Let q be h(-20). Calculate the highest common factor of s and q.
14
Let b = -6565 - -7040. Suppose -6*w - 3 = -117. What is the greatest common divisor of w and b?
19
Let o = 34 + -32. Suppose 2*k - d = -12, 0 = -k + o*d + 3*d - 24. Let p be (-5 + k - 1)/(4/(-34)). What is the highest common factor of 34 and p?
17
Suppose 39*r - 9906 = -2418. What is the greatest common factor of 1472 and r?
64
Let j be ((-936)/108)/((-5)/75). Calculate the highest common factor of j and 170.
10
Suppose -4*f + 258 = -3*o, -3*o + 8*o = 10. Suppose 0 = 3*j - 12, v - f = 5*j - 2*j. What is the greatest common factor of 12 and v?
6
Suppose -3*f + 524 = 110. Let m = f + -134. Calculate the greatest common factor of 16 and m.
4
Suppose 0 = 3*v - 93 + 21. Suppose 74490*h = 74492*h - x - 517, -h = -4*x - 304. Calculate the greatest common divisor of v and h.
12
Suppose -4*x + 1101 = 5*z - 8*x, 0 = 5*x - 5. What is the highest common divisor of 731 and z?
17
Let n(b) = -25*b + 235. Let w be n(7). Let j(a) = -a - 2. Let z be j(3). Let i be (-130)/z + 1*-2. Calculate the greatest common factor of w and i.
12
Suppose -3*a = s - 13, 9 = 2*s - 2*a - 1. Suppose 0 = -s*k - 2*k + 4914. Suppose 6*p + 7*p = k. What is the highest common divisor of p and 12?
6
Let d be ((-161)/(-21) + 1 + -8)*2415/10. Calculate the highest common factor of d and 1633.
23
Let i be 437 - 3/2*400/120. Calculate the highest common divisor of i and 240.
48
Let d = 100 + -97. Suppose -d*i - i = -28. Suppose -11 - 45 = -i*h. What is the highest common divisor of 2 and h?
2
Suppose 81*n - 92*n - 67027 + 208091 = 0. What is the highest common factor of n and 56?
56
Suppose 5*x - 2*r - 15 = -0, x = -r + 3. Let q be (4/x)/(-4)*(2 + -2). Suppose q = 11*c - 5*c - 144. Calculate the greatest common divisor of c and 84.
12
Suppose -19*a + 20*a = 0. Suppose 15*r - 11*r - 20 = a. Suppose -115 + 15 = -r*b. Calculate the greatest common factor of b and 30.
10
Let z be (112 - 8) + (-138)/((-36)/(-6)). Let l(p) = 11*p**2 + 4*p + 2. Let h be l(-4). Calculate the greatest common divisor of z and h.
81
Let z(a) = a**3 + 17*a**2 + 31*a + 703. Let t be z(-17). Calculate the greatest common factor of t and 236.
4
Let z(a) = 112*a - 6*a - 22*a + 3. Let f be z(3). Calculate the greatest common factor of 51 and f.
51
Suppose -5*s = -204 + 9. Let i(u) = -u**2 + 4*u - 3. Let t be i(-4). Let y = t + s. What is the greatest common divisor of 1 and y?
1
Let p(a) = 2*a**3 - 15*a**2 + 8*a - 11. Let i be p(6). Let m = 278 + i. Suppose 0 = -7*q + 87 + m. Calculate the highest common factor of 21 and q.
21
Let j be 706 - (0 + 2/1). Let c be (-66)/(-4)*926/1389. What is the greatest common divisor of c and j?
11
Suppose 42*n = 18*n + 21*n. Suppose 3*t - 2671 = -l, -2*t + 50*l - 55*l + 1772 = n. Calculate the highest common factor of t and 198.
99
Let y = 30136 + -30081. Calculate the greatest common factor of 1305 and y.
5
Suppose 2*y + 4*g = 162, -49 - 36 = -y - 3*g. Let z = -49 + y. Let l = 64 - z. Calculate the greatest common factor of 8 and l.
8
Let t(h) = -5*h**2 + 13*h - 68. Let z be t(7). Let w = 702 + z. Calculate the greatest common divisor of w and 16.
16
Suppose -r + 6*p = 2*p - 264, 0 = 3*r + 5*p - 758. Let f(j) = j - 1. Let o be f(9). What is the greatest common factor of o and r?
8
Let j(i) = i**2 + 18*i + 7. Let q be j(-17). Let d be q/4 - 6981/(-26) - 2. Let y be 8/(-12)*36/(-1). Calculate the highest common factor of d and y.
24
Let f be ((-93)/(-1) - 1)/(167/3006). What is the greatest common factor of 360 and f?
72
Let x = 77235 + -54085. What is the highest common divisor of 50 and x?
50
Let k be 219/(-511) + (-36193)/(-7). What is the greatest common factor of 220 and k?
110
Let t(w) = 3*w**3 + 378*w**2 - 1139*w - 2. Let g be t(3). Let k(h) = 15*h + 1. Let o be k(1). Calculate the greatest common factor of g and o.
16
Suppose -13101 - 18899 = -20*t. Calculate the greatest common factor of t and 512.
64
Suppose 0 = 7*z - 380 + 1234. Let k = z - -192. What is the greatest common factor of k and 10?
10
Let r = -136 - -50. Let p = 85 + r. Let l be 6*(-2)/(-36)*(19 + p). Calculate the greatest common factor of 4 and l.
2
Let g(w) = 499*w - 421. Let z be g(1). Calculate the highest common divisor of 5967 and z.
39
Suppose 3*u = -2*l + 123, 3*l - 3*u + 0*u = 192. Let z = 166 + -257. Let i = -49 - z. Calculate the highest common divisor of l and i.
21
Suppose -21*w + 24 = -17*w. Suppose -w*t + 148 = -68. Calculate the highest common divisor of t and 144.
36
Let o = 19 - -32. Let x = -27 + o. What is the greatest common factor of 56 and x?
8
Let i(r) = -3*r**3 - 8*r**3 - 10*r + 10 + 8*r**2 + 10*r**3. Let y = -217 + 223. Let w be i(y). Calculate the greatest common factor of 121 and w.
11
Let a(q) = q**3 - 13*q**2 + 6*q + 29. Suppose 2*w = f - 7 - 6, 0 = -5*w. Let k be a(f). Let o = k + -19. Calculate the highest common divisor of o and 8.
8
Suppose -5*p - 4*b + 335 = 61, 2*p + 5*b = 113. Let v = 5936 + -5900. Calculate the greatest common factor of p and v.
18
Let o = 8412 - 8001. Calculate the highest common divisor of o and 12.
3
Let j(v) be the first derivative of -3*v**2/2 - 23*v + 11. Let w be j(-8). Let c = 16 - 9. What is the greatest common factor of c and w?
1
Let x be 127/3 + 90/54. Let z = 99 - x. Calculate the greatest common factor of 5 and z.
5
Suppose 5*g - 3*p = 58633, 4*g - 9*p + 6*p = 46907. Calculate the highest common divisor of g and 11.
11
Let r(o) = -o**3 + 27*o - 25*o**2 - 306 + 166 + 256. Let x be r(-26). Calculate the highest common divisor of 54 and x.
18
Let l(h) = 2*h**2 + 7*h + 3. Let u be l(-5). Let z = -16 - -23. Suppose -4*s + 87 = -5*g, -z*s + 3*s + g = -75. What is the greatest common factor of s and u?
18
Let h(m) = 71*m**2 - 75. Let z be h(-4). What is the greatest common factor of 1 and z?
1
Suppose 10*l - 60582 = -l - 2810. What is the highest common factor of l and 208?
52
Suppose 33*n - 29*n = 4000. What is the greatest common divisor of n and 80?
40
Suppose -4*w + 27971 + 319 = 2*d, -3*d + 3*w = -42507. Calculate the greatest common factor of d and 245.
49
Suppose -5*j = -228 + 68. Suppose -80*i + 82*i - 32 = 0. Calculate the highest common factor of j and i.
16
Let z(h) = 3*h - 8. Let c be z(6). Let k be ((-633)/(-2))/((-3)/(-2)). Suppose 51 = -c*u + k. What is the highest common factor of 4 and u?
4
Suppose -5*d - 220 = -5*f, 4*f + 3*d = 6*d + 1